 16, what is 3 + 61?
64
In base 10, what is 0 - -266?
266
In base 3, what is -12112 + -200?
-20012
In base 16, what is 3 + 45?
48
In base 7, what is 5 + 6005?
6013
In base 2, what is -11000 - 110?
-11110
In base 5, what is 3 - 434?
-431
In base 6, what is -200 - -40?
-120
In base 16, what is 1c6c + 0?
1c6c
In base 13, what is 1 + 8?
9
In base 9, what is -268 + 5?
-263
In base 7, what is 3 + 53?
56
In base 6, what is 12 - 11?
1
In base 15, what is -32 - 11?
-43
In base 6, what is -4 - 2234?
-2242
In base 12, what is 4 + -44?
-40
In base 2, what is -100100100 - 0?
-100100100
In base 9, what is -4508 + -4?
-4513
In base 8, what is -3 - -42?
37
In base 7, what is 4 + -243?
-236
In base 2, what is 1001100 - 10000110?
-111010
In base 14, what is 3a8 + -3?
3a5
In base 16, what is -2 - 1d?
-1f
In base 14, what is -4 - 313?
-317
In base 8, what is 71 - -4?
75
In base 9, what is -174 + -13?
-187
In base 4, what is -2110 - -231?
-1213
In base 6, what is 30 - -13?
43
In base 16, what is 7 - -43?
4a
In base 15, what is 3a - 68?
-2d
In base 16, what is 4 - -a7?
ab
In base 16, what is 5 - d9?
-d4
In base 4, what is -11 + -2001?
-2012
In base 2, what is 0 + -11001?
-11001
In base 8, what is 4 - 23?
-17
In base 14, what is -c - 1c1?
-1cd
In base 5, what is 34 + -1?
33
In base 16, what is -36 - 100?
-136
In base 4, what is -331 + -1?
-332
In base 13, what is -3 + 23?
20
In base 9, what is -147 - 31?
-178
In base 10, what is -37 + 5?
-32
In base 16, what is -3 + -4c?
-4f
In base 10, what is 14852 - -1?
14853
In base 2, what is 111110010 - -1?
111110011
In base 4, what is 1302212 + 2?
1302220
In base 8, what is 4 - -2673?
2677
In base 5, what is 0 - -4343?
4343
In base 6, what is 21 + 1?
22
In base 10, what is 13 - 7?
6
In base 8, what is -3 + -125?
-130
In base 13, what is -3 + 25?
22
In base 3, what is -10 - 11202?
-11212
In base 14, what is 32d + -3?
32a
In base 15, what is 1 - -2c9?
2ca
In base 11, what is -57 - -5?
-52
In base 16, what is -c1 + -2?
-c3
In base 10, what is 452 + 0?
452
In base 12, what is 6b - 33?
38
In base 13, what is b - -b8?
c6
In base 11, what is -4a4 + -5?
-4a9
In base 14, what is 5 - 1905?
-1900
In base 8, what is -32573 - 1?
-32574
In base 15, what is a + 67a?
685
In base 10, what is 4 - -38?
42
In base 7, what is 5 + -5615?
-5610
In base 8, what is 336 - 2?
334
In base 14, what is 19 - 4?
15
In base 16, what is -e + -4f8?
-506
In base 15, what is 12 - -10?
22
In base 3, what is -210 + -11122?
-12102
In base 9, what is 316 - -35?
352
In base 14, what is -47 + -5?
-4c
In base 8, what is -3543 - 1?
-3544
In base 3, what is 12 + -12222?
-12210
In base 15, what is -1e1 + -9?
-1ea
In base 6, what is -4 - 1414?
-1422
In base 12, what is -5 - 268?
-271
In base 16, what is 0 + b67?
b67
In base 7, what is 3 + -11362?
-11356
In base 16, what is -61 + -12?
-73
In base 6, what is 11133 + 0?
11133
In base 13, what is -4b56 + 2?
-4b54
In base 10, what is -3 + -61?
-64
In base 15, what is -13 + 0?
-13
In base 11, what is -5 - -44?
3a
In base 2, what is -1011100 + 10101?
-1000111
In base 10, what is -4 - -3910?
3906
In base 8, what is 34 + 0?
34
In base 9, what is -63 + -5?
-68
In base 9, what is -1 - -81?
80
In base 5, what is -1 - -22221?
22220
In base 12, what is -22 + -16?
-38
In base 4, what is 10 - 1222?
-1212
In base 9, what is 33 + -3?
30
In base 7, what is -6 - -230?
221
In base 16, what is 2c8c + 3?
2c8f
In base 2, what is -10 - -110101001?
110100111
In base 16, what is 0 + -aa?
-aa
In base 2, what is -1000 - 1000011110?
-1000100110
In base 11, what is 149 - -11?
15a
In base 6, what is 321 + 1035?
1400
In base 5, what is -3 - -24?
21
In base 13, what is -21 + 37?
16
In base 16, what is -5 - 11b?
-120
In base 12, what is -57 + 33?
-24
In base 2, what is -1011 + 101001?
11110
In base 15, what is -5b - -1?
-5a
In base 9, what is 10 + 335?
345
In base 13, what is 395 + -5?
390
In base 3, what is -1212120 - 2?
-1212122
In base 4, what is 300110 + -10?
300100
In base 8, what is 243 + -4?
237
In base 10, what is -10 + 1?
-9
In base 16, what is c - 6?
6
In base 2, what is 11001 - 0?
11001
In base 6, what is -1342 + -2?
-1344
In base 7, what is 10 - -54?
64
In base 10, what is -5 + 67?
62
In base 11, what is 2371 + 3?
2374
In base 5, what is 2 + -41200?
-41143
In base 14, what is 23 + -4?
1d
In base 14, what is -8d + 3?
-8a
In base 16, what is -b - -4f?
44
In base 12, what is -10 + -b?
-1b
In base 12, what is -52 + 6?
-48
In base 5, what is 103 + 3?
111
In base 8, what is 0 - 41?
-41
In base 4, what is 32 - -11?
103
In base 9, what is -55 + 33?
-22
In base 6, what is -3 + -132?
-135
In base 6, what is -113 + 11?
-102
In base 11, what is 190 - 30?
160
In base 3, what is -1022 + -211?
-2010
In base 15, what is 1 - 162?
-161
In base 5, what is 1 + 4011?
4012
In base 16, what is 9 + -61?
-58
In base 2, what is 1000 + -10001100?
-10000100
In base 16, what is -3bf + 8?
-3b7
In base 16, what is 6 + 29d?
2a3
In base 13, what is -1 - 815?
-816
In base 14, what is b - 78?
-6b
In base 2, what is 11100111011 + 0?
11100111011
In base 4, what is -123100 + -10?
-123110
In base 9, what is 1538 + -7?
1531
In base 13, what is 1 + 141?
142
In base 16, what is -8 + f8?
f0
In base 11, what is 395 - 3?
392
In base 8, what is -7 + -10?
-17
In base 7, what is -35 + 23?
-12
In base 8, what is -6 + -66?
-74
In base 5, what is 2103 - -1?
2104
In base 4, what is 11 - 1120?
-1103
In base 14, what is 14 - 207?
-1d3
In base 2, what is 111 - 11?
100
In base 10, what is 761 - -3?
764
In base 13, what is -1616 + 1?
-1615
In base 3, what is 1102 - -10?
1112
In base 3, what is -1100121 - 0?
-1100121
In base 3, what is 1 - 1022010?
-1022002
In base 4, what is -230 - -32?
-132
In base 7, what is 3566 + 3?
3602
In base 9, what is 106 - 7?
88
In base 3, what is -10212 + -102?
-11021
In base 16, what is 25 + 24e?
273
In base 6, what is -5 - 200?
-205
In base 15, what is -25 + 172?
14c
In base 6, what is 3 + -3?
0
In base 6, what is 4450 - 2?
4444
In base 10, what is -5 + 44?
39
In base 13, what is 0 + -c5?
-c5
In base 11, what is -5 + 43?
39
In base 2, what is -1 - -10110111?
10110110
In base 16, what is -34d - 5?
-352
In base 16, what is 5 + -a?
-5
In base 2, what is 1110001 - -110?
1110111
In base 10, what is -3907 + 5?
-3902
In base 7, what is -25 - 46?
-104
In base 16, what is 155 - -2?
157
In base 9, what is -15237 + -3?
-15241
In base 8, what is -4 - 432?
-436
In base 9, what is 26 + 5?
32
In base 10, what is 81 - 88?
-7
In base 8, what is -6 + 55?
47
In base 3, what is 10 - -1122111?
1122121
In base 7, what is -506 + 0?
-506
In base 3, what is 22110202 - -1?
22110210
In base 12, what is -38 + -14?
-50
In base 14, what is -4 - 40?
-44
In base 9, what is -1 - -2302?
2301
In base 12, what is -a4 + 2?
-a2
In base 5, what is 0 - 1001?
-1001
In base 8, what is -4073 + -1?
-4074
In base 13, what is -68 - -1?
-67
In base 11, what is 10 + 17?
27
In base 13, what is -372 - -3?
-36c
In base 12, what is 97 - 67?
30
In base 12, what is 833 + -4?
82b
In base 14, what is 22 + 148?
16a
In base 4, what is 322 - 121?
201
In base 2, what is 101 + -101101111?
-101101010
In base 10, what is 9207 - 1?
9206
In base 2, what is -111 + 10001?
1010
In base 2, what is 1000100110 + -11?
1000100011
In base 7, what is -23 + -5?
-31
In base 13, what is -a0 + 30?
-70
In base 10, what is -3 - 4145?
-4148
In base 16, what is -3034 + 4?
-3030
In base 8, what is 1 - 21?
-20
In base 6, what is -14054 - -10?
-14044
In base 16, what is 3 - -9ac?
9af
In base 6, what is -4 - -5?
1
In base 8, what is 37 + 14?
53
In base 2, what is -1001 - 100110000?
-100111001
In base 15, what is d6 - 6?
d0
In base 6, what is -25 + 3105?
3040
In base 16, what is 7a - -5?
7f
In base 9, what is 172 + 42?
224
In base 14, what is 22 - 23?
-1
In base 12, what is -2 - 9a?
-a0
In base 16, what is -3 + 3a2?
39f
In base 3, what is 2 - -1022010?
1022012
In base 13, what is 3b - -40?
7b
In base 15, what is -3 + cc8?
cc5
In base 15, what is 0 - -13d?
13d
In base 8, what is 10370 + -3?
10365
In base 9, what is -2 - -102?
100
In base 8, what is -5 + -76?
-103
In base 10, what is -25 + 13?
-12
In base 11, what is -a04 + 0?
-a04
In base 2, what is 11 - 1010111011?
-1010111000
In base 8, what is -741 - 5?
-746
In base 3, what is -11 + -201122?
-201210
I